{"id":12019,"date":"2023-03-20T15:19:36","date_gmt":"2023-03-20T15:19:36","guid":{"rendered":"https:\/\/mi.addevmaterials.com\/?page_id=12019"},"modified":"2025-09-24T09:50:35","modified_gmt":"2025-09-24T09:50:35","slug":"mentions-legales","status":"publish","type":"page","link":"https:\/\/addevmaterials.com\/converting\/mentions-legales\/","title":{"rendered":"Mentions l\u00e9gales"},"content":{"rendered":"\t\t<div data-elementor-type=\"wp-page\" data-elementor-id=\"12019\" class=\"elementor elementor-12019\" data-elementor-post-type=\"page\">\n\t\t\t\t\t\t<section class=\"elementor-section elementor-top-section elementor-element elementor-element-3039bbe elementor-section-boxed elementor-section-height-default elementor-section-height-default\" data-id=\"3039bbe\" data-element_type=\"section\" data-e-type=\"section\" data-settings=\"{&quot;background_background&quot;:&quot;classic&quot;}\">\n\t\t\t\t\t\t<div class=\"elementor-container elementor-column-gap-default\">\n\t\t\t\t\t<div class=\"elementor-column elementor-col-100 elementor-top-column elementor-element elementor-element-fdda546\" data-id=\"fdda546\" data-element_type=\"column\" data-e-type=\"column\">\n\t\t\t<div class=\"elementor-widget-wrap\">\n\t\t\t\t\t\t\t<\/div>\n\t\t<\/div>\n\t\t\t\t\t<\/div>\n\t\t<\/section>\n\t\t\t\t<section class=\"elementor-section elementor-top-section elementor-element elementor-element-77ea1160 elementor-section-boxed elementor-section-height-default elementor-section-height-default\" data-id=\"77ea1160\" data-element_type=\"section\" data-e-type=\"section\" data-settings=\"{&quot;background_background&quot;:&quot;classic&quot;}\">\n\t\t\t\t\t\t\t<div class=\"elementor-background-overlay\"><\/div>\n\t\t\t\t\t\t\t<div class=\"elementor-container elementor-column-gap-default\">\n\t\t\t\t\t<div class=\"elementor-column elementor-col-100 elementor-top-column elementor-element elementor-element-7bfbd7a4\" data-id=\"7bfbd7a4\" data-element_type=\"column\" data-e-type=\"column\">\n\t\t\t<div class=\"elementor-widget-wrap elementor-element-populated\">\n\t\t\t\t\t\t<div class=\"elementor-element elementor-element-7ed46950 elementor-widget elementor-widget-heading\" data-id=\"7ed46950\" data-element_type=\"widget\" data-e-type=\"widget\" data-widget_type=\"heading.default\">\n\t\t\t\t<div class=\"elementor-widget-container\">\n\t\t\t\t\t<h1 class=\"elementor-heading-title elementor-size-default\">Mentions l\u00e9gales<\/h1>\t\t\t\t<\/div>\n\t\t\t\t<\/div>\n\t\t\t\t\t<\/div>\n\t\t<\/div>\n\t\t\t\t\t<\/div>\n\t\t<\/section>\n\t\t\t\t<section class=\"elementor-section elementor-top-section elementor-element elementor-element-4684d57 elementor-section-boxed elementor-section-height-default elementor-section-height-default\" data-id=\"4684d57\" data-element_type=\"section\" data-e-type=\"section\">\n\t\t\t\t\t\t<div class=\"elementor-container elementor-column-gap-default\">\n\t\t\t\t\t<div class=\"elementor-column elementor-col-100 elementor-top-column elementor-element elementor-element-2229c60\" data-id=\"2229c60\" data-element_type=\"column\" data-e-type=\"column\">\n\t\t\t<div class=\"elementor-widget-wrap elementor-element-populated\">\n\t\t\t\t\t\t<div class=\"elementor-element elementor-element-84b8f5a elementor-widget elementor-widget-text-editor\" data-id=\"84b8f5a\" data-element_type=\"widget\" data-e-type=\"widget\" data-widget_type=\"text-editor.default\">\n\t\t\t\t<div class=\"elementor-widget-container\">\n\t\t\t\t\t\t\t\t\t<h1 data-start=\"102\" data-end=\"126\"><strong data-start=\"104\" data-end=\"124\">MENTIONS L\u00c9GALES<\/strong><\/h1>\n<p data-start=\"127\" data-end=\"157\"><strong data-start=\"127\" data-end=\"155\">En vigueur au 12\/03\/2025<\/strong><\/p>\n<p data-start=\"159\" data-end=\"500\">Conform\u00e9ment aux dispositions des articles <strong data-start=\"202\" data-end=\"217\">6-III et 19<\/strong> de la <strong data-start=\"224\" data-end=\"258\">Loi n\u00b02004-575 du 21 juin 2004<\/strong> pour la Confiance dans l\u2019\u00c9conomie Num\u00e9rique (<strong data-start=\"304\" data-end=\"312\">LCEN<\/strong>), il est port\u00e9 \u00e0 la connaissance des utilisateurs et visiteurs du site <a href=\"https:\/\/addevmaterials.com\/\" target=\"_new\" rel=\"noopener\" data-start=\"384\" data-end=\"442\">https:\/\/addevmaterials.com\/<\/a> (ci-apr\u00e8s \u00ab le Site \u00bb), les pr\u00e9sentes mentions l\u00e9gales.<\/p>\n<p data-start=\"502\" data-end=\"675\">La connexion et la navigation sur le Site par l\u2019utilisateur (ci-apr\u00e8s \u00ab l\u2019Utilisateur \u00bb) impliquent l\u2019acceptation int\u00e9grale et sans r\u00e9serve des pr\u00e9sentes mentions l\u00e9gales.<\/p>\n<p data-start=\"677\" data-end=\"759\">Ces derni\u00e8res sont accessibles sur le Site \u00e0 la rubrique <strong data-start=\"734\" data-end=\"758\">\u00ab Mentions l\u00e9gales \u00bb<\/strong>.<\/p>\n<hr data-start=\"761\" data-end=\"764\">\n<h2 data-start=\"766\" data-end=\"794\"><strong data-start=\"769\" data-end=\"792\">ARTICLE 1 &#8211; \u00c9DITEUR<\/strong><\/h2>\n<p data-start=\"796\" data-end=\"1074\">L\u2019\u00e9dition et la direction de la publication du Site sont assur\u00e9es par <strong data-start=\"866\" data-end=\"889\">ADDEV Materials SAS<\/strong>, au <strong data-start=\"894\" data-end=\"932\">capital social de 38 322 519 euros<\/strong>, immatricul\u00e9e au <strong data-start=\"950\" data-end=\"1004\">Registre du Commerce et des Soci\u00e9t\u00e9s (RCS) de Lyon<\/strong> sous le num\u00e9ro <strong data-start=\"1020\" data-end=\"1035\">820 724 508<\/strong>, dont le si\u00e8ge social est situ\u00e9 au :<\/p>\n<p data-start=\"1076\" data-end=\"1289\">\ud83d\udccd <strong data-start=\"1079\" data-end=\"1120\">30 Quai Perrache, 69002, Lyon, France<\/strong><br data-start=\"1120\" data-end=\"1123\">\ud83d\udcde <strong data-start=\"1126\" data-end=\"1149\">Num\u00e9ro de t\u00e9l\u00e9phone<\/strong> : +33 (0)4 72 11 35 00<br data-start=\"1172\" data-end=\"1175\">\u2709\ufe0f <strong data-start=\"1178\" data-end=\"1196\">Adresse e-mail<\/strong> : <a rel=\"noopener\" data-start=\"1199\" data-end=\"1225\">contact@addevmaterials.com<\/a><br data-start=\"1225\" data-end=\"1228\">\ud83d\udccc <strong data-start=\"1231\" data-end=\"1267\">Num\u00e9ro de TVA intracommunautaire<\/strong> : <strong data-start=\"1270\" data-end=\"1287\">FR32820724508<\/strong><\/p>\n<p data-start=\"1291\" data-end=\"1365\">Le Directeur de la publication est <b>Marie BLANCHARD BRUNEL&nbsp;<\/b>(ci-apr\u00e8s \u00ab l\u2019\u00c9diteur \u00bb).<\/p>\n<hr data-start=\"1367\" data-end=\"1370\">\n<h2 data-start=\"1372\" data-end=\"1402\"><strong data-start=\"1375\" data-end=\"1400\">ARTICLE 2 &#8211; H\u00c9BERGEUR<\/strong><\/h2>\n<p data-start=\"1404\" data-end=\"1491\">Le Site est h\u00e9berg\u00e9 par <strong data-start=\"1428\" data-end=\"1453\">Infomaniak Network SA<\/strong>, dont le si\u00e8ge social est situ\u00e9 \u00e0 :<\/p>\n<p data-start=\"1493\" data-end=\"1728\">\ud83d\udccd <strong data-start=\"1496\" data-end=\"1556\">Rue Eug\u00e8ne-Marziano 25, 1227 Les Acacias, Gen\u00e8ve, Suisse<\/strong><br data-start=\"1556\" data-end=\"1559\">\ud83d\udcde <strong data-start=\"1562\" data-end=\"1575\">T\u00e9l\u00e9phone<\/strong> : +41 (0)22 820 35 44<br data-start=\"1597\" data-end=\"1600\">\u2709\ufe0f <strong data-start=\"1603\" data-end=\"1624\">E-mail de contact<\/strong> : <a rel=\"noopener\" data-start=\"1627\" data-end=\"1649\">support@infomaniak.com<\/a><br data-start=\"1649\" data-end=\"1652\">\ud83c\udf0d <strong data-start=\"1655\" data-end=\"1667\">Site web<\/strong> : <a href=\"https:\/\/www.infomaniak.com\" target=\"_new\" rel=\"noopener\" data-start=\"1670\" data-end=\"1726\">https:\/\/www.infomaniak.com<\/a><\/p>\n<hr data-start=\"1730\" data-end=\"1733\">\n<h2 data-start=\"1735\" data-end=\"1769\"><strong data-start=\"1738\" data-end=\"1767\">ARTICLE 3 &#8211; ACC\u00c8S AU SITE<\/strong><\/h2>\n<p data-start=\"1771\" data-end=\"1919\">Le Site est accessible 24h\/24 et 7j\/7, sauf en cas de <strong data-start=\"1825\" data-end=\"1842\">force majeure<\/strong>, d\u2019<strong data-start=\"1846\" data-end=\"1873\">interruption programm\u00e9e<\/strong> ou non pour des raisons de <strong data-start=\"1901\" data-end=\"1916\">maintenance<\/strong>.<\/p>\n<p data-start=\"1921\" data-end=\"2024\">En cas de modification, interruption ou suspension du Site, l\u2019\u00c9diteur ne saurait \u00eatre tenu responsable.<\/p>\n<hr data-start=\"2026\" data-end=\"2029\">\n<h2 data-start=\"2031\" data-end=\"2096\"><strong data-start=\"2034\" data-end=\"2094\">ARTICLE 4 &#8211; COLLECTE DES DONN\u00c9ES PERSONNELLES ET COOKIES<\/strong><\/h2>\n<h3 data-start=\"2098\" data-end=\"2158\"><strong data-start=\"2102\" data-end=\"2156\">1. Collecte et traitement des donn\u00e9es personnelles<\/strong><\/h3>\n<p data-start=\"2160\" data-end=\"2300\">Le Site assure \u00e0 l\u2019Utilisateur une collecte et un traitement des <strong data-start=\"2225\" data-end=\"2249\">donn\u00e9es personnelles<\/strong> dans le respect de la vie priv\u00e9e, conform\u00e9ment :<\/p>\n<ul data-start=\"2301\" data-end=\"2507\">\n<li data-start=\"2301\" data-end=\"2409\">\u00e0 la <strong data-start=\"2308\" data-end=\"2341\">Loi n\u00b078-17 du 6 janvier 1978<\/strong>, modifi\u00e9e relative \u00e0 l\u2019informatique, aux fichiers et aux libert\u00e9s<\/li>\n<li data-start=\"2410\" data-end=\"2507\">et au <strong data-start=\"2418\" data-end=\"2487\">R\u00e8glement G\u00e9n\u00e9ral sur la Protection des Donn\u00e9es (RGPD) n\u00b02016\/679<\/strong> du 27 avril 2016.<\/li>\n<\/ul>\n<p data-start=\"2509\" data-end=\"2766\">L\u2019Utilisateur dispose des droits suivants sur ses donn\u00e9es :<br data-start=\"2568\" data-end=\"2571\">\u2705 <strong data-start=\"2573\" data-end=\"2590\">Droit d\u2019acc\u00e8s<\/strong><br data-start=\"2590\" data-end=\"2593\">\u2705 <strong data-start=\"2595\" data-end=\"2621\">Droit de rectification<\/strong><br data-start=\"2621\" data-end=\"2624\">\u2705 <strong data-start=\"2626\" data-end=\"2650\">Droit de suppression<\/strong><br data-start=\"2650\" data-end=\"2653\">\u2705 <strong data-start=\"2655\" data-end=\"2677\">Droit d\u2019opposition<\/strong><br data-start=\"2677\" data-end=\"2680\">\u2705 <strong data-start=\"2682\" data-end=\"2720\">Droit \u00e0 la portabilit\u00e9 des donn\u00e9es<\/strong><br data-start=\"2720\" data-end=\"2723\">\u2705 <strong data-start=\"2725\" data-end=\"2764\">Droit \u00e0 la limitation du traitement<\/strong><\/p>\n<p data-start=\"2768\" data-end=\"2901\">Pour exercer ces droits, l\u2019Utilisateur peut contacter l\u2019\u00c9diteur \u00e0 l\u2019adresse suivante :<br data-start=\"2854\" data-end=\"2857\">\ud83d\udce7 <strong data-start=\"2860\" data-end=\"2870\">E-mail<\/strong> : <a rel=\"noopener\" data-start=\"2873\" data-end=\"2899\">contact@addevmaterials.com<\/a><\/p>\n<p data-start=\"2903\" data-end=\"3005\">En cas de r\u00e9clamation, l\u2019Utilisateur peut <strong data-start=\"2945\" data-end=\"2963\">saisir la CNIL<\/strong> via <a href=\"https:\/\/www.cnil.fr\" target=\"_new\" rel=\"noopener\" data-start=\"2968\" data-end=\"3002\">www.cnil.fr<\/a>.<\/p>\n<hr data-start=\"3007\" data-end=\"3010\">\n<h3 data-start=\"3012\" data-end=\"3046\"><strong data-start=\"3016\" data-end=\"3044\">2. Politique des cookies<\/strong><\/h3>\n<p data-start=\"3048\" data-end=\"3154\">Lors de la navigation sur le Site, des <strong data-start=\"3087\" data-end=\"3098\">cookies<\/strong> peuvent \u00eatre d\u00e9pos\u00e9s sur l\u2019appareil de l\u2019Utilisateur.<\/p>\n<p data-start=\"3156\" data-end=\"3307\">Conform\u00e9ment aux recommandations de la <strong data-start=\"3195\" data-end=\"3203\">CNIL<\/strong>, <strong data-start=\"3205\" data-end=\"3266\">l\u2019Utilisateur est inform\u00e9 et doit consentir explicitement<\/strong> \u00e0 l\u2019utilisation des cookies suivants :<\/p>\n<ul data-start=\"3308\" data-end=\"3487\">\n<li data-start=\"3308\" data-end=\"3369\"><strong data-start=\"3310\" data-end=\"3333\">Cookies analytiques<\/strong> : pour mesurer l\u2019audience du Site<\/li>\n<li data-start=\"3370\" data-end=\"3433\"><strong data-start=\"3372\" data-end=\"3397\">Cookies publicitaires<\/strong> : pour personnaliser les annonces<\/li>\n<li data-start=\"3434\" data-end=\"3487\"><strong data-start=\"3436\" data-end=\"3458\">Cookies de partage<\/strong> : pour les r\u00e9seaux sociaux<\/li>\n<\/ul>\n<p data-start=\"3489\" data-end=\"3630\">L\u2019Utilisateur peut <strong data-start=\"3508\" data-end=\"3531\">accepter ou refuser<\/strong> l\u2019utilisation de ces cookies via le <strong data-start=\"3568\" data-end=\"3595\">bandeau de consentement<\/strong> affich\u00e9 \u00e0 la premi\u00e8re connexion.<\/p>\n<p data-start=\"3632\" data-end=\"3778\">\u2139\ufe0f <strong data-start=\"3635\" data-end=\"3688\">Pour en savoir plus sur notre gestion des cookies<\/strong>, l\u2019Utilisateur peut consulter la <strong data-start=\"3722\" data-end=\"3754\">Politique de confidentialit\u00e9<\/strong> disponible sur le Site.<\/p>\n<hr data-start=\"3780\" data-end=\"3783\">\n<h2 data-start=\"3785\" data-end=\"3830\"><strong data-start=\"3788\" data-end=\"3828\">ARTICLE 5 &#8211; PROPRI\u00c9T\u00c9 INTELLECTUELLE<\/strong><\/h2>\n<p data-start=\"3832\" data-end=\"4073\">Tous les contenus pr\u00e9sents sur le Site (textes, images, logos, vid\u00e9os, charte graphique, etc.) sont <strong data-start=\"3932\" data-end=\"3988\">prot\u00e9g\u00e9s par le droit de la propri\u00e9t\u00e9 intellectuelle<\/strong> et sont la propri\u00e9t\u00e9 exclusive de <strong data-start=\"4023\" data-end=\"4046\">ADDEV Materials SAS<\/strong>, sauf mention contraire.<\/p>\n<p data-start=\"4075\" data-end=\"4395\">Toute <strong data-start=\"4081\" data-end=\"4156\">utilisation, reproduction, diffusion, commercialisation ou modification<\/strong> de tout ou partie du Site <strong data-start=\"4183\" data-end=\"4229\">sans l\u2019autorisation pr\u00e9alable de l\u2019\u00c9diteur<\/strong> est interdite et pourra faire l\u2019objet de <strong data-start=\"4271\" data-end=\"4297\">poursuites judiciaires<\/strong>, conform\u00e9ment aux dispositions du <strong data-start=\"4332\" data-end=\"4371\">Code de la propri\u00e9t\u00e9 intellectuelle<\/strong> et du <strong data-start=\"4378\" data-end=\"4392\">Code civil<\/strong>.<\/p>\n<p data-start=\"4397\" data-end=\"4532\">Si l\u2019Utilisateur souhaite r\u00e9utiliser un contenu du Site, une demande d\u2019autorisation doit \u00eatre envoy\u00e9e \u00e0 <strong data-start=\"4501\" data-end=\"4531\"><a rel=\"noopener\" data-start=\"4503\" data-end=\"4529\">contact@addevmaterials.com<\/a><\/strong>.<\/p>\n<hr data-start=\"4534\" data-end=\"4537\">\n<h2 data-start=\"4539\" data-end=\"4574\"><strong data-start=\"4542\" data-end=\"4572\">ARTICLE 6 &#8211; RESPONSABILIT\u00c9<\/strong><\/h2>\n<p data-start=\"4576\" data-end=\"4708\">L\u2019\u00c9diteur met tout en \u0153uvre pour fournir des informations <strong data-start=\"4634\" data-end=\"4655\">exactes et \u00e0 jour<\/strong>, mais ne saurait \u00eatre tenu responsable en cas de :<\/p>\n<ul data-start=\"4709\" data-end=\"4923\">\n<li data-start=\"4709\" data-end=\"4786\">Erreur, omission ou inexactitude des informations disponibles sur le Site<\/li>\n<li data-start=\"4787\" data-end=\"4849\">Probl\u00e8me technique entra\u00eenant une <strong data-start=\"4823\" data-end=\"4839\">interruption<\/strong> du Site<\/li>\n<li data-start=\"4850\" data-end=\"4923\">Dommages directs ou indirects li\u00e9s \u00e0 l\u2019acc\u00e8s ou l\u2019utilisation du Site<\/li>\n<\/ul>\n<p data-start=\"4925\" data-end=\"5035\">L\u2019\u00c9diteur se r\u00e9serve le droit de <strong data-start=\"4958\" data-end=\"4994\">modifier, suspendre ou supprimer<\/strong> tout ou partie du Site <strong data-start=\"5018\" data-end=\"5034\">sans pr\u00e9avis<\/strong>.<\/p>\n<hr data-start=\"5037\" data-end=\"5040\">\n<h2 data-start=\"5042\" data-end=\"5105\"><strong data-start=\"5045\" data-end=\"5103\">ARTICLE 7 &#8211; DROIT APPLICABLE ET JURIDICTION COMP\u00c9TENTE<\/strong><\/h2>\n<p data-start=\"5107\" data-end=\"5178\">Les pr\u00e9sentes mentions l\u00e9gales sont r\u00e9gies par le <strong data-start=\"5157\" data-end=\"5175\">droit fran\u00e7ais<\/strong>.<\/p>\n<p data-start=\"5180\" data-end=\"5340\">En cas de litige, et \u00e0 d\u00e9faut de r\u00e9solution amiable, le litige sera port\u00e9 devant <strong data-start=\"5261\" data-end=\"5339\">les tribunaux comp\u00e9tents du ressort du si\u00e8ge social de ADDEV Materials SAS<\/strong>.<\/p>\n<hr data-start=\"5342\" data-end=\"5345\">\n<h3 data-start=\"5347\" data-end=\"5368\"><strong data-start=\"5351\" data-end=\"5366\">MISE \u00c0 JOUR<\/strong><\/h3>\n<p data-start=\"5370\" data-end=\"5444\">Les pr\u00e9sentes mentions l\u00e9gales ont \u00e9t\u00e9 mises \u00e0 jour <strong data-start=\"5422\" data-end=\"5441\">le 12 mars 2025<\/strong>.<\/p>\n<p data-start=\"5446\" data-end=\"5576\">L\u2019\u00c9diteur se r\u00e9serve le droit de les <strong data-start=\"5483\" data-end=\"5509\">modifier \u00e0 tout moment<\/strong> afin de garantir leur conformit\u00e9 avec la l\u00e9gislation en vigueur.<\/p>\n<p data-start=\"5578\" data-end=\"5715\">\u2139\ufe0f <strong data-start=\"5581\" data-end=\"5622\">Derni\u00e8re mise \u00e0 jour disponible sur :<\/strong> <a target=\"_new\" rel=\"noopener\" data-start=\"5623\" data-end=\"5713\">https:\/\/addevmaterials.com\/mentions-legales<\/a><\/p>\t\t\t\t\t\t\t\t<\/div>\n\t\t\t\t<\/div>\n\t\t\t\t\t<\/div>\n\t\t<\/div>\n\t\t\t\t\t<\/div>\n\t\t<\/section>\n\t\t\t\t<\/div>\n\t\t","protected":false},"excerpt":{"rendered":"<p>Mentions l\u00e9gales MENTIONS L\u00c9GALES En vigueur au 12\/03\/2025 Conform\u00e9ment aux dispositions des articles 6-III et 19 de la Loi n\u00b02004-575 du 21 juin 2004 pour la Confiance dans l\u2019\u00c9conomie Num\u00e9rique (LCEN), il est port\u00e9 \u00e0 la connaissance des utilisateurs et visiteurs du site https:\/\/addevmaterials.com\/ (ci-apr\u00e8s \u00ab le Site \u00bb), les pr\u00e9sentes mentions l\u00e9gales. La connexion [&hellip;]<\/p>\n","protected":false},"author":3,"featured_media":0,"parent":0,"menu_order":0,"comment_status":"closed","ping_status":"closed","template":"elementor_header_footer","meta":{"footnotes":""},"class_list":["post-12019","page","type-page","status-publish","hentry"],"yoast_head":"<!-- This site is optimized with the Yoast SEO plugin v27.4 - https:\/\/yoast.com\/product\/yoast-seo-wordpress\/ -->\n<title>Mentions l\u00e9gales - ADDEV Materials Converting<\/title>\n<meta name=\"robots\" content=\"noindex, follow\" \/>\n<meta property=\"og:locale\" content=\"fr_FR\" \/>\n<meta property=\"og:type\" content=\"article\" \/>\n<meta property=\"og:title\" content=\"Mentions l\u00e9gales - ADDEV Materials Converting\" \/>\n<meta property=\"og:description\" content=\"Mentions l\u00e9gales MENTIONS L\u00c9GALES En vigueur au 12\/03\/2025 Conform\u00e9ment aux dispositions des articles 6-III et 19 de la Loi n\u00b02004-575 du 21 juin 2004 pour la Confiance dans l\u2019\u00c9conomie Num\u00e9rique (LCEN), il est port\u00e9 \u00e0 la connaissance des utilisateurs et visiteurs du site https:\/\/addevmaterials.com\/ (ci-apr\u00e8s \u00ab le Site \u00bb), les pr\u00e9sentes mentions l\u00e9gales. La connexion [&hellip;]\" \/>\n<meta property=\"og:url\" content=\"https:\/\/addevmaterials.com\/converting\/mentions-legales\/\" \/>\n<meta property=\"og:site_name\" content=\"ADDEV Materials Converting\" \/>\n<meta property=\"article:modified_time\" content=\"2025-09-24T09:50:35+00:00\" \/>\n<meta name=\"twitter:card\" content=\"summary_large_image\" \/>\n<meta name=\"twitter:label1\" content=\"Dur\u00e9e de lecture estim\u00e9e\" \/>\n\t<meta name=\"twitter:data1\" content=\"7 minutes\" \/>\n<script type=\"application\/ld+json\" class=\"yoast-schema-graph\">{\"@context\":\"https:\\\/\\\/schema.org\",\"@graph\":[{\"@type\":\"WebPage\",\"@id\":\"https:\\\/\\\/addevmaterials.com\\\/converting\\\/mentions-legales\\\/\",\"url\":\"https:\\\/\\\/addevmaterials.com\\\/converting\\\/mentions-legales\\\/\",\"name\":\"Mentions l\u00e9gales - ADDEV Materials Converting\",\"isPartOf\":{\"@id\":\"https:\\\/\\\/addevmaterials.com\\\/converting\\\/ro\\\/#website\"},\"datePublished\":\"2023-03-20T15:19:36+00:00\",\"dateModified\":\"2025-09-24T09:50:35+00:00\",\"breadcrumb\":{\"@id\":\"https:\\\/\\\/addevmaterials.com\\\/converting\\\/mentions-legales\\\/#breadcrumb\"},\"inLanguage\":\"fr-FR\",\"potentialAction\":[{\"@type\":\"ReadAction\",\"target\":[\"https:\\\/\\\/addevmaterials.com\\\/converting\\\/mentions-legales\\\/\"]}]},{\"@type\":\"BreadcrumbList\",\"@id\":\"https:\\\/\\\/addevmaterials.com\\\/converting\\\/mentions-legales\\\/#breadcrumb\",\"itemListElement\":[{\"@type\":\"ListItem\",\"position\":1,\"name\":\"Accueil\",\"item\":\"https:\\\/\\\/addevmaterials.com\\\/converting\\\/\"},{\"@type\":\"ListItem\",\"position\":2,\"name\":\"Mentions l\u00e9gales\"}]},{\"@type\":\"WebSite\",\"@id\":\"https:\\\/\\\/addevmaterials.com\\\/converting\\\/ro\\\/#website\",\"url\":\"https:\\\/\\\/addevmaterials.com\\\/converting\\\/ro\\\/\",\"name\":\"ADDEV Materials Converting\",\"description\":\"\",\"publisher\":{\"@id\":\"https:\\\/\\\/addevmaterials.com\\\/converting\\\/ro\\\/#organization\"},\"potentialAction\":[{\"@type\":\"SearchAction\",\"target\":{\"@type\":\"EntryPoint\",\"urlTemplate\":\"https:\\\/\\\/addevmaterials.com\\\/converting\\\/ro\\\/?s={search_term_string}\"},\"query-input\":{\"@type\":\"PropertyValueSpecification\",\"valueRequired\":true,\"valueName\":\"search_term_string\"}}],\"inLanguage\":\"fr-FR\"},{\"@type\":\"Organization\",\"@id\":\"https:\\\/\\\/addevmaterials.com\\\/converting\\\/ro\\\/#organization\",\"name\":\"ADDEV Materials Converting\",\"url\":\"https:\\\/\\\/addevmaterials.com\\\/converting\\\/ro\\\/\",\"logo\":{\"@type\":\"ImageObject\",\"inLanguage\":\"fr-FR\",\"@id\":\"https:\\\/\\\/addevmaterials.com\\\/converting\\\/ro\\\/#\\\/schema\\\/logo\\\/image\\\/\",\"url\":\"https:\\\/\\\/addevmaterials.com\\\/converting\\\/wp-content\\\/uploads\\\/sites\\\/2\\\/2023\\\/04\\\/cropped-ADDEV_Materials-LOGO_RGB.png\",\"contentUrl\":\"https:\\\/\\\/addevmaterials.com\\\/converting\\\/wp-content\\\/uploads\\\/sites\\\/2\\\/2023\\\/04\\\/cropped-ADDEV_Materials-LOGO_RGB.png\",\"width\":2948,\"height\":929,\"caption\":\"ADDEV Materials Converting\"},\"image\":{\"@id\":\"https:\\\/\\\/addevmaterials.com\\\/converting\\\/ro\\\/#\\\/schema\\\/logo\\\/image\\\/\"},\"sameAs\":[\"https:\\\/\\\/www.linkedin.com\\\/company\\\/addev-materials\\\/\"]}]}<\/script>\n<!-- \/ Yoast SEO plugin. -->","yoast_head_json":{"title":"Mentions l\u00e9gales - ADDEV Materials Converting","robots":{"index":"noindex","follow":"follow"},"og_locale":"fr_FR","og_type":"article","og_title":"Mentions l\u00e9gales - ADDEV Materials Converting","og_description":"Mentions l\u00e9gales MENTIONS L\u00c9GALES En vigueur au 12\/03\/2025 Conform\u00e9ment aux dispositions des articles 6-III et 19 de la Loi n\u00b02004-575 du 21 juin 2004 pour la Confiance dans l\u2019\u00c9conomie Num\u00e9rique (LCEN), il est port\u00e9 \u00e0 la connaissance des utilisateurs et visiteurs du site https:\/\/addevmaterials.com\/ (ci-apr\u00e8s \u00ab le Site \u00bb), les pr\u00e9sentes mentions l\u00e9gales. La connexion [&hellip;]","og_url":"https:\/\/addevmaterials.com\/converting\/mentions-legales\/","og_site_name":"ADDEV Materials Converting","article_modified_time":"2025-09-24T09:50:35+00:00","twitter_card":"summary_large_image","twitter_misc":{"Dur\u00e9e de lecture estim\u00e9e":"7 minutes"},"schema":{"@context":"https:\/\/schema.org","@graph":[{"@type":"WebPage","@id":"https:\/\/addevmaterials.com\/converting\/mentions-legales\/","url":"https:\/\/addevmaterials.com\/converting\/mentions-legales\/","name":"Mentions l\u00e9gales - ADDEV Materials Converting","isPartOf":{"@id":"https:\/\/addevmaterials.com\/converting\/ro\/#website"},"datePublished":"2023-03-20T15:19:36+00:00","dateModified":"2025-09-24T09:50:35+00:00","breadcrumb":{"@id":"https:\/\/addevmaterials.com\/converting\/mentions-legales\/#breadcrumb"},"inLanguage":"fr-FR","potentialAction":[{"@type":"ReadAction","target":["https:\/\/addevmaterials.com\/converting\/mentions-legales\/"]}]},{"@type":"BreadcrumbList","@id":"https:\/\/addevmaterials.com\/converting\/mentions-legales\/#breadcrumb","itemListElement":[{"@type":"ListItem","position":1,"name":"Accueil","item":"https:\/\/addevmaterials.com\/converting\/"},{"@type":"ListItem","position":2,"name":"Mentions l\u00e9gales"}]},{"@type":"WebSite","@id":"https:\/\/addevmaterials.com\/converting\/ro\/#website","url":"https:\/\/addevmaterials.com\/converting\/ro\/","name":"ADDEV Materials Converting","description":"","publisher":{"@id":"https:\/\/addevmaterials.com\/converting\/ro\/#organization"},"potentialAction":[{"@type":"SearchAction","target":{"@type":"EntryPoint","urlTemplate":"https:\/\/addevmaterials.com\/converting\/ro\/?s={search_term_string}"},"query-input":{"@type":"PropertyValueSpecification","valueRequired":true,"valueName":"search_term_string"}}],"inLanguage":"fr-FR"},{"@type":"Organization","@id":"https:\/\/addevmaterials.com\/converting\/ro\/#organization","name":"ADDEV Materials Converting","url":"https:\/\/addevmaterials.com\/converting\/ro\/","logo":{"@type":"ImageObject","inLanguage":"fr-FR","@id":"https:\/\/addevmaterials.com\/converting\/ro\/#\/schema\/logo\/image\/","url":"https:\/\/addevmaterials.com\/converting\/wp-content\/uploads\/sites\/2\/2023\/04\/cropped-ADDEV_Materials-LOGO_RGB.png","contentUrl":"https:\/\/addevmaterials.com\/converting\/wp-content\/uploads\/sites\/2\/2023\/04\/cropped-ADDEV_Materials-LOGO_RGB.png","width":2948,"height":929,"caption":"ADDEV Materials Converting"},"image":{"@id":"https:\/\/addevmaterials.com\/converting\/ro\/#\/schema\/logo\/image\/"},"sameAs":["https:\/\/www.linkedin.com\/company\/addev-materials\/"]}]}},"distributor_meta":false,"distributor_terms":false,"distributor_media":false,"distributor_original_site_name":"ADDEV Materials Converting","distributor_original_site_url":"https:\/\/addevmaterials.com\/converting","push-errors":false,"_links":{"self":[{"href":"https:\/\/addevmaterials.com\/converting\/wp-json\/wp\/v2\/pages\/12019","targetHints":{"allow":["GET"]}}],"collection":[{"href":"https:\/\/addevmaterials.com\/converting\/wp-json\/wp\/v2\/pages"}],"about":[{"href":"https:\/\/addevmaterials.com\/converting\/wp-json\/wp\/v2\/types\/page"}],"author":[{"embeddable":true,"href":"https:\/\/addevmaterials.com\/converting\/wp-json\/wp\/v2\/users\/3"}],"replies":[{"embeddable":true,"href":"https:\/\/addevmaterials.com\/converting\/wp-json\/wp\/v2\/comments?post=12019"}],"version-history":[{"count":17,"href":"https:\/\/addevmaterials.com\/converting\/wp-json\/wp\/v2\/pages\/12019\/revisions"}],"predecessor-version":[{"id":24732,"href":"https:\/\/addevmaterials.com\/converting\/wp-json\/wp\/v2\/pages\/12019\/revisions\/24732"}],"wp:attachment":[{"href":"https:\/\/addevmaterials.com\/converting\/wp-json\/wp\/v2\/media?parent=12019"}],"curies":[{"name":"wp","href":"https:\/\/api.w.org\/{rel}","templated":true}]}}